1986 and 3913.
559
What is the greatest common divisor of 10687024 and 5664?
944
What is the greatest common factor of 168 and 232896?
24
Calculate the greatest common divisor of 7759064 and 17064.
632
Calculate the greatest common factor of 69912 and 223752.
24
Calculate the highest common divisor of 6 and 707773758.
6
Calculate the highest common factor of 6732 and 8951877.
1683
What is the greatest common factor of 667264 and 109568?
128
What is the highest common factor of 273924 and 153342?
126
What is the greatest common divisor of 18582824 and 1560?
104
Calculate the highest common divisor of 32124045 and 15.
15
What is the highest common factor of 447207204 and 5584?
1396
Calculate the highest common divisor of 6680 and 17709181.
167
What is the greatest common divisor of 117 and 175779?
9
Calculate the highest common divisor of 213205 and 5.
5
What is the highest common divisor of 30090234 and 48?
6
Calculate the highest common divisor of 13158 and 6453268.
1462
What is the highest common factor of 381815 and 770?
35
Calculate the highest common factor of 33498871 and 14.
7
Calculate the highest common divisor of 803907400 and 1945.
1945
What is the greatest common divisor of 3602298 and 3?
3
What is the highest common divisor of 274585560 and 120?
120
What is the greatest common divisor of 389153578 and 2882?
2882
Calculate the highest common divisor of 18537 and 301936.
167
Calculate the greatest common factor of 5312 and 879302.
166
Calculate the highest common divisor of 13108 and 163444.
116
What is the greatest common divisor of 258640 and 8215?
265
Calculate the greatest common divisor of 2492 and 35565201.
623
Calculate the highest common divisor of 23891 and 32557.
7
Calculate the highest common divisor of 1298421 and 13617.
801
What is the highest common divisor of 51611 and 981316?
707
Calculate the greatest common factor of 30875482 and 149.
149
What is the highest common divisor of 6560 and 905798240?
6560
Calculate the greatest common divisor of 5197868 and 988.
988
What is the greatest common divisor of 688 and 29973838?
86
What is the highest common factor of 99984665 and 27632?
1727
Calculate the highest common factor of 189216 and 12009303.
5913
Calculate the greatest common divisor of 1650 and 157350.
150
Calculate the greatest common factor of 8434658 and 213.
71
Calculate the highest common divisor of 215478 and 126.
18
Calculate the greatest common factor of 2090954 and 30334.
1046
What is the greatest common divisor of 1058774 and 42656?
62
What is the greatest common factor of 1591 and 2231098?
43
Calculate the greatest common divisor of 22074493 and 2.
1
Calculate the highest common divisor of 2907 and 162830.
19
What is the greatest common factor of 14252483 and 1629?
181
Calculate the greatest common divisor of 8330390 and 1800.
10
Calculate the highest common factor of 360752476 and 28.
28
What is the highest common divisor of 170806324 and 52?
52
Calculate the highest common divisor of 13755 and 60761730.
1965
Calculate the highest common divisor of 590000 and 5440.
80
What is the greatest common factor of 156 and 22553700?
156
Calculate the highest common factor of 237189039 and 3714.
1857
Calculate the highest common divisor of 358992562 and 4041.
449
What is the greatest common factor of 8 and 203596?
4
Calculate the highest common divisor of 32256 and 4067.
7
Calculate the highest common divisor of 10818 and 1592049.
1803
Calculate the greatest common factor of 575 and 7937375.
25
Calculate the greatest common divisor of 323740 and 104160.
20
Calculate the highest common factor of 894 and 2919174.
6
What is the highest common factor of 4730176 and 55?
11
Calculate the highest common factor of 24639 and 368607653.
8213
Calculate the greatest common divisor of 32436 and 370668.
204
Calculate the greatest common factor of 39567 and 29321.
109
What is the highest common factor of 13350033 and 10980?
549
What is the greatest common factor of 29195 and 1955?
5
What is the highest common divisor of 656850 and 16675?
725
What is the greatest common factor of 462478 and 1802?
106
Calculate the highest common divisor of 31098 and 65673793.
5183
Calculate the highest common divisor of 2195562 and 8.
2
What is the greatest common divisor of 1184 and 511700972?
148
What is the highest common divisor of 12735554 and 13?
13
Calculate the highest common divisor of 290308328 and 232.
232
What is the highest common divisor of 13988701 and 1887?
37
What is the highest common divisor of 538515 and 675?
135
What is the greatest common factor of 14825492 and 536?
268
Calculate the greatest common factor of 8530272 and 2304.
288
Calculate the highest common divisor of 6588780 and 2235.
2235
Calculate the greatest common factor of 2877164 and 73684.
436
What is the greatest common factor of 649773 and 53728?
1679
What is the greatest common factor of 28120 and 793820?
380
Calculate the highest common factor of 100401 and 22589.
49
Calculate the greatest common factor of 13845 and 1404195.
195
What is the highest common factor of 11900 and 501755?
85
Calculate the highest common divisor of 906 and 4578.
6
What is the highest common factor of 75644240 and 2352?
784
Calculate the highest common divisor of 1438 and 4798.
2
What is the highest common factor of 441297890 and 8140?
4070
Calculate the highest common divisor of 601720 and 131465075.
10745
What is the highest common divisor of 2234145 and 15510?
705
What is the highest common factor of 17616360 and 876?
876
What is the highest common divisor of 280397390 and 5?
5
Calculate the highest common divisor of 118 and 2531690.
118
Calculate the greatest common divisor of 71709 and 3750065.
451
What is the greatest common divisor of 30064464 and 24?
24
Calculate the greatest common divisor of 844280 and 100.
20
What is the highest common divisor of 34775893 and 1147?
1147
What is the highest common factor of 396516 and 744?
12
Calculate the highest common divisor of 72467928 and 5772.
156
Calculate the highest common divisor of 192 and 7278288.
48
What is the greatest common factor of 1726014830 and 20?
10
What is the highest common divisor of 51850 and 314150?
3050
Calculate the greatest common divisor of 1194 and 98226002.
398
Calculate the greatest common factor of 1382307 and 2622.
57
Calculate the highest common divisor of 229724 and 3802084.
1012
Calculate the greatest common factor of 284 and 26213981.
71
Calculate the highest common divisor of 1153047 and 8106.
21
Calculate the greatest common factor of 4253169 and 2490.
249
Calculate the greatest common factor of 5792 and 10890408.
1448
What is the highest common factor of 2 and 2630335?
1
Calculate the greatest common divisor of 863752 and 3656.
8
What is the greatest common factor of 266 and 77216?
38
Calculate the greatest common factor of 40490 and 454403074.
8098
What is the highest common divisor of 1518760 and 96320?
1720
Calculate the greatest common factor of 322531 and 4268.
11
Calculate the highest common factor of 5333950 and 115652.
1994
Calculate the greatest common divisor of 305732 and 224287.
1253
Calculate the greatest common divisor of 3058 and 367794.
278
Calculate the highest common divisor of 7935932 and 26172.
2908
Calculate the highest common factor of 10699864 and 404432.
8792
What is the greatest common divisor of 83135 and 6760?
65
What is the highest common factor of 1536 and 89457504?
96
What is the greatest common divisor of 174629 and 7007?
91
Calculate the highest common factor of 14 and 215229882.
14
What is the greatest common divisor of 462 and 18996054?
462
What is the highest common divisor of 6926969 and 6699?
203
Calculate the highest common divisor of 20 and 8107922.
2
Calculate the highest common divisor of 21 and 4834550.
7
What is the greatest common divisor of 4345321 and 46?
23
Calculate the greatest common factor of 537 and 34424206.
179
What is the greatest common divisor of 29872 and 1434704?
16
Calculate the greatest common factor of 875 and 1593500.
125
What is the greatest common divisor of 144 and 5076198?
18
What is the greatest common factor of 63 and 1776312?
9
Calculate the highest common factor of 43960136 and 33.
11
What is the highest common factor of 80 a